thousands digit of 17039928?
3
What is the hundreds digit of 118811?
8
What is the ten thousands digit of 2169065?
6
What is the ten millions digit of 19901260?
1
What is the hundreds digit of 2614343?
3
What is the units digit of 507404?
4
What is the ten thousands digit of 3760581?
6
What is the tens digit of 8203405?
0
What is the hundred thousands digit of 2333185?
3
What is the hundred thousands digit of 128157?
1
What is the hundreds digit of 1905034?
0
What is the thousands digit of 609818?
9
What is the ten thousands digit of 3129350?
2
What is the hundreds digit of 14478656?
6
What is the millions digit of 1726637?
1
What is the units digit of 6266636?
6
What is the tens digit of 80127?
2
What is the hundred thousands digit of 958629?
9
What is the tens digit of 310750?
5
What is the millions digit of 23290826?
3
What is the hundred thousands digit of 8147579?
1
What is the hundreds digit of 271302?
3
What is the units digit of 19109225?
5
What is the tens digit of 3706671?
7
What is the hundreds digit of 1707825?
8
What is the tens digit of 317677?
7
What is the ten thousands digit of 5396495?
9
What is the thousands digit of 1047351?
7
What is the tens digit of 377659?
5
What is the units digit of 84440?
0
What is the hundreds digit of 428528?
5
What is the hundreds digit of 386590?
5
What is the hundred thousands digit of 1561215?
5
What is the hundreds digit of 1740077?
0
What is the hundreds digit of 2039036?
0
What is the ten thousands digit of 744524?
4
What is the tens digit of 577458?
5
What is the ten thousands digit of 3943413?
4
What is the ten thousands digit of 14113856?
1
What is the hundred thousands digit of 168809?
1
What is the ten thousands digit of 1072984?
7
What is the hundred thousands digit of 734670?
7
What is the thousands digit of 5334397?
4
What is the hundreds digit of 330055?
0
What is the hundreds digit of 1117723?
7
What is the tens digit of 361003?
0
What is the hundred thousands digit of 468033?
4
What is the units digit of 16155319?
9
What is the ten thousands digit of 8248555?
4
What is the thousands digit of 744483?
4
What is the ten thousands digit of 361633?
6
What is the millions digit of 1948008?
1
What is the units digit of 398652?
2
What is the tens digit of 844147?
4
What is the thousands digit of 3542188?
2
What is the millions digit of 8176121?
8
What is the hundred thousands digit of 1272070?
2
What is the units digit of 163967?
7
What is the hundred thousands digit of 1091141?
0
What is the units digit of 131729?
9
What is the thousands digit of 372973?
2
What is the thousands digit of 4964782?
4
What is the hundreds digit of 698952?
9
What is the thousands digit of 1641044?
1
What is the millions digit of 6258955?
6
What is the units digit of 5338071?
1
What is the tens digit of 69513?
1
What is the ten thousands digit of 41342?
4
What is the ten thousands digit of 18423883?
2
What is the hundred thousands digit of 2093076?
0
What is the thousands digit of 58207?
8
What is the hundreds digit of 902021?
0
What is the units digit of 140101?
1
What is the units digit of 432376?
6
What is the tens digit of 5713900?
0
What is the thousands digit of 358292?
8
What is the hundreds digit of 7117762?
7
What is the ten millions digit of 19090937?
1
What is the hundreds digit of 161884?
8
What is the ten thousands digit of 30336363?
3
What is the hundred thousands digit of 491592?
4
What is the ten thousands digit of 108813?
0
What is the tens digit of 783821?
2
What is the hundred thousands digit of 161762?
1
What is the hundred thousands digit of 258818?
2
What is the tens digit of 264576?
7
What is the hundreds digit of 85198?
1
What is the units digit of 12800895?
5
What is the tens digit of 56966?
6
What is the units digit of 349410?
0
What is the ten thousands digit of 79402?
7
What is the units digit of 900640?
0
What is the thousands digit of 3855111?
5
What is the thousands digit of 3337239?
7
What is the hundreds digit of 485877?
8
What is the ten thousands digit of 25584322?
8
What is the ten thousands digit of 24193641?
9
What is the units digit of 455833?
3
What is the ten thousands digit of 482012?
8
What is the ten thousands digit of 100295?
0
What is the tens digit of 470862?
6
What is the ten thousands digit of 2599393?
9
What is the hundred thousands digit of 9947103?
9
What is the thousands digit of 567573?
7
What is the units digit of 2256877?
7
What is the tens digit of 602643?
4
What is the thousands digit of 1515579?
5
What is the hundred thousands digit of 119195?
1
What is the ten thousands digit of 1931190?
3
What is the hundreds digit of 311518?
5
What is the millions digit of 1732941?
1
What is the tens digit of 184059?
5
What is the hundreds digit of 5050069?
0
What is the hundreds digit of 17366598?
5
What is the hundred thousands digit of 394881?
3
What is the hundred thousands digit of 949118?
9
What is the hundred thousands digit of 213035?
2
What is the hundreds digit of 2236570?
5
What is the hundred thousands digit of 8292295?
2
What is the thousands digit of 952968?
2
What is the hundred thousands digit of 10889910?
8
What is the thousands digit of 11949589?
9
What is the hundred thousands digit of 16084346?
0
What is the ten millions digit of 14987856?
1
What is the thousands digit of 128171?
8
What is the hundred thousands digit of 1096544?
0
What is the hundred thousands digit of 598573?
5
What is the hundreds digit of 3924975?
9
What is the ten thousands digit of 271498?
7
What is the ten thousands digit of 824769?
2
What is the tens digit of 36785005?
0
What is the hundred thousands digit of 28656774?
6
What is the thousands digit of 35585027?
5
What is the thousands digit of 791896?
1
What is the hundreds digit of 5490942?
9
What is the hundred thousands digit of 5379314?
3
What is the thousands digit of 1450041?
0
What is the units digit of 787094?
4
What is the tens digit of 2655312?
1
What is the ten thousands digit of 2342174?
4
What is the tens digit of 2101742?
4
What is the ten thousands digit of 336419?
3
What is the ten thousands digit of 13449697?
4
What is the hundreds digit of 757677?
6
What is the tens digit of 353508?
0
What is the millions digit of 6063230?
6
What is the tens digit of 311327?
2
What is the ten thousands digit of 285003?
8
What is the hundred thousands digit of 483881?
4
What is the tens digit of 39564?
6
What is the tens digit of 1748440?
4
What is the hundreds digit of 15765?
7
What is the units digit of 872434?
4
What is the tens digit of 490808?
0
What is the hundred thousands digit of 3724563?
7
What is the tens digit of 444323?
2
What is the tens digit of 24393?
9
What is the ten thousands digit of 2527242?
2
What is the millions digit of 16908393?
6
What is the hundreds digit of 3676936?
9
What is the hundred thousands digit of 5034382?
0
What is the tens digit of 1028240?
4
What is the hundred thousands digit of 500021?
5
What is the ten thousands digit of 21358321?
5
What is the ten thousands digit of 956779?
5
What is the units digit of 6251421?
1
What is the hundreds digit of 920221?
2
What is the millions digit of 1440471?
1
What is the ten thousands digit of 458508?
5
What is the units digit of 436833?
3
What is the hundred thousands digit of 2366466?
3
What is the units digit of 163080?
0
What is the hundreds digit of 129182?
1
What is the tens digit of 658465?
6
What is the thousands digit of 188175?
8
What is the thousands digit of 577172?
7
What is the thousands digit of 9189264?
9
What is the thousands digit of 8918659?
8
What is the ten thousands digit of 357389?
5
What is the thousands digit of 118697?
8
What is the ten thousands digit of 748102?
4
What is the hundred thousands digit of 2764951?
7
What is the ten thousands digit of 1897232?
9
What is the hundred thousands digit of 299752?
2
What is the ten thousands digit of 1059990?
5
What is the hundred thousands digit of 1309157?
3
What is the hundred thousands digit of 1339685?
3
What is the hundreds digit of 5046687?
6
What is the hundreds digit of 19646762?
7
What is the tens digit of 414249?
4
What is the hundred thousands digit of 936384?
9
What is the tens digit of 115287?
8
What is the hundreds digit of 195007?
0
What is the thousands digi